at is the ten thousands digit of 279465047?
6
What is the hundred thousands digit of 45689863?
6
What is the hundreds digit of 204471571?
5
What is the billions digit of 1658347066?
1
What is the thousands digit of 57394356?
4
What is the ten millions digit of 467135169?
6
What is the hundred millions digit of 106454974?
1
What is the tens digit of 319468233?
3
What is the millions digit of 1547197671?
7
What is the tens digit of 1244831367?
6
What is the units digit of 477134?
4
What is the hundred millions digit of 311579715?
3
What is the tens digit of 485912142?
4
What is the hundreds digit of 1983846391?
3
What is the units digit of 69509862?
2
What is the units digit of 153055466?
6
What is the millions digit of 7798719886?
8
What is the millions digit of 27999879?
7
What is the ten thousands digit of 3031416017?
1
What is the hundred thousands digit of 1186401944?
4
What is the ten thousands digit of 1605782786?
8
What is the hundred millions digit of 316317568?
3
What is the billions digit of 4535450847?
4
What is the ten millions digit of 60532269?
6
What is the tens digit of 364174189?
8
What is the ten millions digit of 45954547?
4
What is the ten millions digit of 25219941?
2
What is the ten thousands digit of 1061071166?
7
What is the ten thousands digit of 239425965?
2
What is the ten millions digit of 995223848?
9
What is the tens digit of 58789832?
3
What is the thousands digit of 53809881?
9
What is the ten millions digit of 36370365?
3
What is the hundreds digit of 85374467?
4
What is the thousands digit of 287567702?
7
What is the hundred millions digit of 293415633?
2
What is the tens digit of 1727531722?
2
What is the millions digit of 802465760?
2
What is the tens digit of 117955774?
7
What is the hundreds digit of 2660595168?
1
What is the hundred millions digit of 256054776?
2
What is the ten millions digit of 70822610?
7
What is the tens digit of 58807834?
3
What is the tens digit of 1008726316?
1
What is the tens digit of 55404661?
6
What is the billions digit of 3239591899?
3
What is the hundred thousands digit of 708631587?
6
What is the hundred millions digit of 314257361?
3
What is the hundreds digit of 983026177?
1
What is the ten thousands digit of 464300210?
0
What is the millions digit of 394172003?
4
What is the ten thousands digit of 143209393?
0
What is the hundred millions digit of 2506314877?
5
What is the hundred thousands digit of 1086501104?
5
What is the ten millions digit of 6987980164?
8
What is the hundreds digit of 42634488?
4
What is the hundred thousands digit of 2590917276?
9
What is the tens digit of 97352218?
1
What is the ten thousands digit of 396247435?
4
What is the tens digit of 328578394?
9
What is the ten millions digit of 53299233?
5
What is the tens digit of 1591647836?
3
What is the units digit of 152529294?
4
What is the ten millions digit of 173775491?
7
What is the units digit of 3046061101?
1
What is the hundred thousands digit of 10535648?
5
What is the hundred thousands digit of 1793751957?
7
What is the ten thousands digit of 1463162584?
6
What is the tens digit of 8286333593?
9
What is the millions digit of 24438284?
4
What is the units digit of 220934441?
1
What is the thousands digit of 834707399?
7
What is the thousands digit of 71917600?
7
What is the hundred thousands digit of 16386603?
3
What is the ten thousands digit of 4937337?
3
What is the ten thousands digit of 466403629?
0
What is the hundred millions digit of 250923847?
2
What is the hundreds digit of 5197260481?
4
What is the hundred millions digit of 730660297?
7
What is the billions digit of 2307271161?
2
What is the hundred millions digit of 2936124498?
9
What is the units digit of 11364496?
6
What is the hundreds digit of 6094680107?
1
What is the ten thousands digit of 122270705?
7
What is the units digit of 34685952?
2
What is the millions digit of 19247187?
9
What is the millions digit of 848698570?
8
What is the hundred thousands digit of 251302483?
3
What is the units digit of 1131499285?
5
What is the ten thousands digit of 508228556?
2
What is the hundreds digit of 215192139?
1
What is the hundred thousands digit of 121998048?
9
What is the ten millions digit of 12577590?
1
What is the hundred millions digit of 450827437?
4
What is the hundred millions digit of 717076709?
7
What is the units digit of 33312265?
5
What is the ten millions digit of 191853502?
9
What is the tens digit of 1541812551?
5
What is the ten millions digit of 231167044?
3
What is the millions digit of 419927548?
9
What is the hundreds digit of 80955065?
0
What is the hundreds digit of 43709365?
3
What is the millions digit of 22220012?
2
What is the units digit of 1142458574?
4
What is the tens digit of 64602314?
1
What is the hundred millions digit of 477957915?
4
What is the hundred millions digit of 1640704598?
6
What is the units digit of 700498407?
7
What is the ten millions digit of 55248721?
5
What is the ten millions digit of 6646481648?
4
What is the hundreds digit of 18263365?
3
What is the millions digit of 28446780?
8
What is the hundreds digit of 280009328?
3
What is the hundreds digit of 192242306?
3
What is the ten thousands digit of 831254327?
5
What is the ten thousands digit of 5237723?
3
What is the hundreds digit of 1943513410?
4
What is the millions digit of 90759441?
0
What is the ten thousands digit of 402997682?
9
What is the thousands digit of 144039108?
9
What is the ten thousands digit of 43542895?
4
What is the millions digit of 201560990?
1
What is the hundred thousands digit of 508644510?
6
What is the hundred thousands digit of 10752911?
7
What is the hundred thousands digit of 9766566?
7
What is the tens digit of 54883890?
9
What is the hundred thousands digit of 838896629?
8
What is the ten thousands digit of 5892522555?
2
What is the ten thousands digit of 4943749426?
4
What is the tens digit of 255112440?
4
What is the ten millions digit of 242116168?
4
What is the hundred thousands digit of 50767319?
7
What is the hundred millions digit of 139424530?
1
What is the ten millions digit of 683965455?
8
What is the ten thousands digit of 148171111?
7
What is the hundred thousands digit of 32568801?
5
What is the millions digit of 518076473?
8
What is the ten thousands digit of 40873038?
7
What is the millions digit of 1354227663?
4
What is the millions digit of 1392661144?
2
What is the ten thousands digit of 92224951?
2
What is the hundred millions digit of 1054196259?
0
What is the hundred millions digit of 516454464?
5
What is the hundred thousands digit of 226754205?
7
What is the hundred thousands digit of 20893196?
8
What is the hundreds digit of 77983861?
8
What is the millions digit of 374628302?
4
What is the hundred thousands digit of 34092711?
0
What is the ten thousands digit of 31078251?
7
What is the units digit of 146499842?
2
What is the units digit of 881343?
3
What is the thousands digit of 1641341593?
1
What is the millions digit of 114706665?
4
What is the ten millions digit of 567459193?
6
What is the ten millions digit of 335421502?
3
What is the hundred thousands digit of 1763313629?
3
What is the ten millions digit of 1731587844?
3
What is the millions digit of 89032723?
9
What is the ten thousands digit of 620984345?
8
What is the tens digit of 907341?
4
What is the millions digit of 86222146?
6
What is the tens digit of 1114268393?
9
What is the ten thousands digit of 107380940?
8
What is the hundreds digit of 102900477?
4
What is the hundreds digit of 16443601?
6
What is the units digit of 21667027?
7
What is the billions digit of 1654813540?
1
What is the ten thousands digit of 191260217?
6
What is the ten thousands digit of 562138801?
3
What is the hundred thousands digit of 196730948?
7
What is the ten thousands digit of 3691586811?
8
What is the hundreds digit of 46936760?
7
What is the ten thousands digit of 172272941?
7
What is the hundred thousands digit of 235303789?
3
What is the hundred thousands digit of 1625862082?
8
What is the hundreds digit of 48232503?
5
What is the ten millions digit of 36591489?
3
What is the ten millions digit of 359799960?
5
What is the hundreds digit of 227036389?
3
What is the ten thousands digit of 5729706?
2
What is the milli